{"id":13,"date":"2020-10-15T10:36:16","date_gmt":"2020-10-15T10:36:16","guid":{"rendered":"https:\/\/qi28.qodeinteractive.com\/?page_id=13"},"modified":"2026-01-26T15:40:08","modified_gmt":"2026-01-26T15:40:08","slug":"main-home","status":"publish","type":"page","link":"https:\/\/upack.ro\/","title":{"rendered":"Acas\u0103 principal\u0103"},"content":{"rendered":"<h6>\n\t\tUPACK<\/h6>\n<h1>\n\t\tServiciu de<br \/>\ncurierat<\/h1>\n<p><a href=\"https:\/\/upack.ro\/index.php\/despre-noi\/\" target=\"_self\" rel=\"noopener\">\tMai multe\t\t\t\t\t\t\t\t\t\t\t<svg xmlns=\"http:\/\/www.w3.org\/2000\/svg\" viewBox=\"0 0 9 9\" style=\"stroke: transparent;\"><path d=\"M.5,1.15A.59.59,0,0,1,.52,1,.23.23,0,0,1,.62.89.19.19,0,0,1,.73.8a.4.4,0,0,1,.15,0H4.63a.36.36,0,0,1,.26.11A.33.33,0,0,1,5,1.15a.33.33,0,0,1-.11.27.35.35,0,0,1-.26.1H1.79l7.59,7.6a.31.31,0,0,1,.12.26.3.3,0,0,1-.12.25.3.3,0,0,1-.51,0L1.25,2.06V4.89a.33.33,0,0,1-.11.27.35.35,0,0,1-.26.1.36.36,0,0,1-.27-.1A.37.37,0,0,1,.5,4.89Z\" transform=\"translate(-0.5 -0.77)\"><\/path><\/svg>\t\t\t\t\t\t\t<svg xmlns=\"http:\/\/www.w3.org\/2000\/svg\" viewBox=\"0 0 9 9\" style=\"stroke: transparent;\"><path d=\"M.5,1.15A.59.59,0,0,1,.52,1,.23.23,0,0,1,.62.89.19.19,0,0,1,.73.8a.4.4,0,0,1,.15,0H4.63a.36.36,0,0,1,.26.11A.33.33,0,0,1,5,1.15a.33.33,0,0,1-.11.27.35.35,0,0,1-.26.1H1.79l7.59,7.6a.31.31,0,0,1,.12.26.3.3,0,0,1-.12.25.3.3,0,0,1-.51,0L1.25,2.06V4.89a.33.33,0,0,1-.11.27.35.35,0,0,1-.26.1.36.36,0,0,1-.27-.1A.37.37,0,0,1,.5,4.89Z\" transform=\"translate(-0.5 -0.77)\"><\/path><\/svg>\t\t\t\t\t\t<\/a><\/p>\n<style>\/*! elementor - v3.11.5 - 14-03-2023 *\/<br \/>\n.elementor-widget-image{text-align:center}.elementor-widget-image a{display:inline-block}.elementor-widget-image a img[src$=\".svg\"]{width:48px}.elementor-widget-image img{vertical-align:middle;display:inline-block}<\/style>\n<p>\t\t\t\t\t\t\t\t\t\t\t\t<img decoding=\"async\" width=\"1159\" height=\"753\" src=\"https:\/\/upack.ro\/wp-content\/uploads\/2023\/03\/1.png\" alt=\"\" loading=\"lazy\" srcset=\"https:\/\/upack.ro\/wp-content\/uploads\/2023\/03\/1.png 1159w, https:\/\/upack.ro\/wp-content\/uploads\/2023\/03\/1-300x195.png 300w, https:\/\/upack.ro\/wp-content\/uploads\/2023\/03\/1-1024x665.png 1024w, https:\/\/upack.ro\/wp-content\/uploads\/2023\/03\/1-768x499.png 768w\" sizes=\"(max-width: 1159px) 100vw, 1159px\"><br \/>\n<svg xmlns=\"http:\/\/www.w3.org\/2000\/svg\" viewBox=\"0 0 48 19\" style=\"stroke: transparent\"><path d=\"M18.83,0V19H48V0ZM46.18,2.88,33.87,11.37a.73.73,0,0,1-.45.14.74.74,0,0,1-.46-.14L20.65,2.88a.78.78,0,0,1-.2-1.09.81.81,0,0,1,1.12-.19L33.42,9.77,45.26,1.6a.81.81,0,0,1,1.12.19A.78.78,0,0,1,46.18,2.88Z\"><\/path><path d=\"M3.91,3.93H5A.79.79,0,1,0,5,2.36H3.91a.79.79,0,1,0,0,1.57Z\"><\/path><path d=\"M7.9,3.93h6.44a.79.79,0,1,0,0-1.57H7.9a.79.79,0,1,0,0,1.57Z\"><\/path><path d=\"M8.31,15.07H7.38a.79.79,0,1,0,0,1.57h.93a.79.79,0,1,0,0-1.57Z\"><\/path><path d=\"M14.34,15.07H11.16a.79.79,0,1,0,0,1.57h3.18a.79.79,0,1,0,0-1.57Z\"><\/path><path d=\"M14.34,8.71H.8a.79.79,0,1,0,0,1.58H14.34a.79.79,0,1,0,0-1.58Z\"><\/path><\/svg><\/p>\n<p>Servicii Po\u0219tale<\/p>\n<p><svg xmlns=\"http:\/\/www.w3.org\/2000\/svg\" viewBox=\"0 0 39 28\" style=\"stroke: transparent;\"><path d=\"M15.92,20.91a.65.65,0,0,1-.31-.08L7.19,16.7v5L20,28V16.2l-3.59,4.46A.69.69,0,0,1,15.92,20.91Z\" transform=\"translate(0)\"><\/path><path d=\"M25.5,20.91a.69.69,0,0,1-.53-.25L21.38,16.2V28l12.85-6.31v-5l-8.42,4.13A.68.68,0,0,1,25.5,20.91Z\" transform=\"translate(0)\"><\/path><polygon points=\"5.85 14.63 5.85 9.24 2.73 13.1 5.85 14.63\"><\/polygon><polygon points=\"19.7 14.55 14.73 12.11 13.63 11.57 10.3 9.93 7.19 8.41 7.19 15.29 15.72 19.48 19.7 14.55\"><\/polygon><polygon points=\"34.71 8.17 22.27 14.28 21.72 14.55 25.69 19.48 34.23 15.29 35.57 14.63 38.68 13.1 35.57 9.24 34.71 8.17\"><\/polygon><path d=\"M35.24,6.83h0l0,0h0Z\" transform=\"translate(0)\"><\/path><polygon points=\"33.46 7.37 33.46 7.37 27 4.2 20.71 1.11 7.96 7.37 20.71 13.63 25.88 11.09 33.46 7.37\"><\/polygon><path d=\"M14.19,0,0,7l5.72.35h.13a.65.65,0,0,1,.36-.52L19.43.33Z\" transform=\"translate(0)\"><\/path><\/svg><\/p>\n<p>servicii de colet\u0103rie<\/p>\n<p><svg xmlns=\"http:\/\/www.w3.org\/2000\/svg\" viewBox=\"0 0 57 21\" style=\"stroke: transparent;\"><path d=\"M15.86,1.37h-8a.77.77,0,1,0,0,1.53h8a.77.77,0,1,0,0-1.53Z\"><\/path><path d=\"M4.24,2.9H5.51a.77.77,0,1,0,0-1.53H4.24a.77.77,0,1,0,0,1.53Z\"><\/path><path d=\"M15.86,11.88H11.52a.77.77,0,1,0,0,1.53h4.34a.77.77,0,1,0,0-1.53Z\"><\/path><path d=\"M9.14,11.88h-1a.77.77,0,1,0,0,1.53h1a.77.77,0,1,0,0-1.53Z\"><\/path><path d=\"M15.86,6.63H.78a.76.76,0,1,0,0,1.52H15.86a.76.76,0,1,0,0-1.52Z\"><\/path><path d=\"M50.37,3.89H43.86V17.7h3a3.64,3.64,0,0,1,7.08,0h3V12.27ZM55,11.8a.76.76,0,0,1-.7.43h-5a.77.77,0,0,1-.78-.76.78.78,0,0,1,.78-.77h3.37l-4-5a.75.75,0,0,1,.14-1.07.78.78,0,0,1,1.09.14l5,6.24A.75.75,0,0,1,55,11.8Z\"><\/path><path d=\"M50.43,15.93A2.54,2.54,0,1,0,53,18.47,2.57,2.57,0,0,0,50.43,15.93Z\"><\/path><path d=\"M19.54,17.7h2.52a3.64,3.64,0,0,1,7.08,0H42V0H19.54Zm6.32-5.82H40.45a.77.77,0,1,1,0,1.53H25.86a.77.77,0,1,1,0-1.53Zm-4.75,0h2.48a.77.77,0,1,1,0,1.53H21.11a.77.77,0,1,1,0-1.53Z\"><\/path><path d=\"M25.6,15.93a2.54,2.54,0,1,0,2.58,2.54A2.57,2.57,0,0,0,25.6,15.93Z\"><\/path><\/svg><\/p>\n<p>Servicii de curierat<\/p>\n<h6>\n\t\tUpack<\/h6>\n<h2>\n\t\tServicii<\/h2>\n<p><img width=\"800\" height=\"654\" src=\"https:\/\/upack.ro\/wp-content\/uploads\/2023\/03\/6-1.jpg\" alt=\"\" decoding=\"async\" loading=\"lazy\" srcset=\"https:\/\/upack.ro\/wp-content\/uploads\/2023\/03\/6-1.jpg 800w, https:\/\/upack.ro\/wp-content\/uploads\/2023\/03\/6-1-300x245.jpg 300w, https:\/\/upack.ro\/wp-content\/uploads\/2023\/03\/6-1-768x628.jpg 768w\" sizes=\"(max-width: 800px) 100vw, 800px\"><br \/>\n<a itemprop=\"url\" href=\"#\" target=\"_self\" rel=\"noopener\"><\/a><\/p>\n<style>\/*! elementor - v3.11.5 - 14-03-2023 *\/<br \/>\n.elementor-heading-title{padding:0;margin:0;line-height:1}.elementor-widget-heading .elementor-heading-title[class*=elementor-size-]>a{color:inherit;font-size:inherit;line-height:inherit}.elementor-widget-heading .elementor-heading-title.elementor-size-small{font-size:15px}.elementor-widget-heading .elementor-heading-title.elementor-size-medium{font-size:19px}.elementor-widget-heading .elementor-heading-title.elementor-size-large{font-size:29px}.elementor-widget-heading .elementor-heading-title.elementor-size-xl{font-size:39px}.elementor-widget-heading .elementor-heading-title.elementor-size-xxl{font-size:59px}<\/style>\n<h6>01<\/h6>\n<h4>Livrare \u00een siguran\u021b\u0103!<\/h4>\n<p>Pachetul comandat de tine va ajunge \u00eentreg \u0219i la timp, curieri no\u0219tri vor umbla atent \u0219i cu fine\u021be cu fiecare pachet \u00een parte astfel \u00eenc\u00e2t tu te bucuri de obiectul comandat f\u0103r\u0103 nici o nepl\u0103cere.<\/p>\n<p><a href=\"https:\/\/upack.ro\/livrare\/expediaza_colet_upack.php\" target=\"_self\" rel=\"noopener\"><br \/>\n<svg xmlns=\"http:\/\/www.w3.org\/2000\/svg\" viewBox=\"0 0 6.75 6.75\" style=\"stroke: transparent;\"><path d=\"M4.35,8.07a.38.38,0,0,1,.27-.65H7.24V4.8a.38.38,0,0,1,.65-.27A.36.36,0,0,1,8,4.8V7.42h2.63a.37.37,0,0,1,.27.11.37.37,0,0,1-.27.64H8V10.8a.38.38,0,0,1-.64.27.37.37,0,0,1-.11-.27V8.17H4.62A.36.36,0,0,1,4.35,8.07Z\" transform=\"translate(-4.24 -4.42)\"><\/path><\/svg>\t\t\t\t\t\t\t<svg xmlns=\"http:\/\/www.w3.org\/2000\/svg\" viewBox=\"0 0 6.75 6.75\" style=\"stroke: transparent;\"><path d=\"M4.35,8.07a.38.38,0,0,1,.27-.65H7.24V4.8a.38.38,0,0,1,.65-.27A.36.36,0,0,1,8,4.8V7.42h2.63a.37.37,0,0,1,.27.11.37.37,0,0,1-.27.64H8V10.8a.38.38,0,0,1-.64.27.37.37,0,0,1-.11-.27V8.17H4.62A.36.36,0,0,1,4.35,8.07Z\" transform=\"translate(-4.24 -4.42)\"><\/path><\/svg><br \/>\n<\/a><br \/>\n<img width=\"800\" height=\"654\" src=\"https:\/\/upack.ro\/wp-content\/uploads\/2023\/03\/3-1.jpg\" alt=\"\" decoding=\"async\" loading=\"lazy\" srcset=\"https:\/\/upack.ro\/wp-content\/uploads\/2023\/03\/3-1.jpg 800w, https:\/\/upack.ro\/wp-content\/uploads\/2023\/03\/3-1-300x245.jpg 300w, https:\/\/upack.ro\/wp-content\/uploads\/2023\/03\/3-1-768x628.jpg 768w\" sizes=\"(max-width: 800px) 100vw, 800px\"><br \/>\n<a itemprop=\"url\" href=\"#\" target=\"_self\" rel=\"noopener\"><\/a><\/p>\n<h6>02<\/h6>\n<h4>Urm\u0103re\u0219te pachetul t\u0103u!<\/h4>\n<p>Din momentul colect\u0103rii \u0219i p\u00e2n\u0103 \u00een momentul livr\u0103rii coletului t\u0103u, ai posibilitatea s\u0103 urm\u0103re\u0219ti tot traseul parcurs de acesta. Vei \u0219ti mereu unde este pachetul t\u0103u \u0219i la ce ora va ajunge la tine acas\u0103<\/p>\n<p><a href=\"https:\/\/upack.ro\/livrare\/urmareste_awb.php\" target=\"_self\" rel=\"noopener\"><br \/>\n<svg xmlns=\"http:\/\/www.w3.org\/2000\/svg\" viewBox=\"0 0 6.75 6.75\" style=\"stroke: transparent;\"><path d=\"M4.35,8.07a.38.38,0,0,1,.27-.65H7.24V4.8a.38.38,0,0,1,.65-.27A.36.36,0,0,1,8,4.8V7.42h2.63a.37.37,0,0,1,.27.11.37.37,0,0,1-.27.64H8V10.8a.38.38,0,0,1-.64.27.37.37,0,0,1-.11-.27V8.17H4.62A.36.36,0,0,1,4.35,8.07Z\" transform=\"translate(-4.24 -4.42)\"><\/path><\/svg>\t\t\t\t\t\t\t<svg xmlns=\"http:\/\/www.w3.org\/2000\/svg\" viewBox=\"0 0 6.75 6.75\" style=\"stroke: transparent;\"><path d=\"M4.35,8.07a.38.38,0,0,1,.27-.65H7.24V4.8a.38.38,0,0,1,.65-.27A.36.36,0,0,1,8,4.8V7.42h2.63a.37.37,0,0,1,.27.11.37.37,0,0,1-.27.64H8V10.8a.38.38,0,0,1-.64.27.37.37,0,0,1-.11-.27V8.17H4.62A.36.36,0,0,1,4.35,8.07Z\" transform=\"translate(-4.24 -4.42)\"><\/path><\/svg><br \/>\n<\/a><br \/>\n<img width=\"800\" height=\"654\" src=\"https:\/\/upack.ro\/wp-content\/uploads\/2023\/03\/4-1.jpg\" alt=\"\" decoding=\"async\" loading=\"lazy\" srcset=\"https:\/\/upack.ro\/wp-content\/uploads\/2023\/03\/4-1.jpg 800w, https:\/\/upack.ro\/wp-content\/uploads\/2023\/03\/4-1-300x245.jpg 300w, https:\/\/upack.ro\/wp-content\/uploads\/2023\/03\/4-1-768x628.jpg 768w\" sizes=\"(max-width: 800px) 100vw, 800px\"><br \/>\n<a itemprop=\"url\" href=\"#\" target=\"_self\" rel=\"noopener\"><\/a><\/p>\n<h6>03<\/h6>\n<h4>\u00cencearc\u0103 aplica\u021bia noastr\u0103!<\/h4>\n<p>Intr\u0103 acum \u0219i folose\u0219te serviciul nostru de livrare foarte u\u0219or \u0219i simplu cu noua noastr\u0103 aplica\u021bie de livrare, doar introduci datele \u0219i un livrator se va ocupa \u00eendat\u0103 de comanda dumneavoastr\u0103.<\/p>\n<p><a href=\"https:\/\/upack.ro\/index.php\/aplicatie-2\/\" target=\"_self\" rel=\"noopener\"><br \/>\n<svg xmlns=\"http:\/\/www.w3.org\/2000\/svg\" viewBox=\"0 0 6.75 6.75\" style=\"stroke: transparent;\"><path d=\"M4.35,8.07a.38.38,0,0,1,.27-.65H7.24V4.8a.38.38,0,0,1,.65-.27A.36.36,0,0,1,8,4.8V7.42h2.63a.37.37,0,0,1,.27.11.37.37,0,0,1-.27.64H8V10.8a.38.38,0,0,1-.64.27.37.37,0,0,1-.11-.27V8.17H4.62A.36.36,0,0,1,4.35,8.07Z\" transform=\"translate(-4.24 -4.42)\"><\/path><\/svg>\t\t\t\t\t\t\t<svg xmlns=\"http:\/\/www.w3.org\/2000\/svg\" viewBox=\"0 0 6.75 6.75\" style=\"stroke: transparent;\"><path d=\"M4.35,8.07a.38.38,0,0,1,.27-.65H7.24V4.8a.38.38,0,0,1,.65-.27A.36.36,0,0,1,8,4.8V7.42h2.63a.37.37,0,0,1,.27.11.37.37,0,0,1-.27.64H8V10.8a.38.38,0,0,1-.64.27.37.37,0,0,1-.11-.27V8.17H4.62A.36.36,0,0,1,4.35,8.07Z\" transform=\"translate(-4.24 -4.42)\"><\/path><\/svg><br \/>\n<\/a><br \/>\n<img decoding=\"async\" width=\"1100\" height=\"705\" src=\"https:\/\/upack.ro\/wp-content\/uploads\/2023\/03\/5-1.jpg\" alt=\"\" loading=\"lazy\" srcset=\"https:\/\/upack.ro\/wp-content\/uploads\/2023\/03\/5-1.jpg 1100w, https:\/\/upack.ro\/wp-content\/uploads\/2023\/03\/5-1-300x192.jpg 300w, https:\/\/upack.ro\/wp-content\/uploads\/2023\/03\/5-1-1024x656.jpg 1024w, https:\/\/upack.ro\/wp-content\/uploads\/2023\/03\/5-1-768x492.jpg 768w\" sizes=\"(max-width: 1100px) 100vw, 1100px\"><\/p>\n<h6>\n\t\tUPACK<\/h6>\n<h2>\n\t\tContact:<\/h2>\n<h3>0756 350 070<\/h3>\n<p><a href=\"tel:0756350070\" target=\"_self\" rel=\"noopener\">\tApeleaz\u0103 acum\t\t\t\t\t\t\t\t\t\t\t<svg xmlns=\"http:\/\/www.w3.org\/2000\/svg\" viewBox=\"0 0 9 9\" style=\"stroke: transparent;\"><path d=\"M.5,1.15A.59.59,0,0,1,.52,1,.23.23,0,0,1,.62.89.19.19,0,0,1,.73.8a.4.4,0,0,1,.15,0H4.63a.36.36,0,0,1,.26.11A.33.33,0,0,1,5,1.15a.33.33,0,0,1-.11.27.35.35,0,0,1-.26.1H1.79l7.59,7.6a.31.31,0,0,1,.12.26.3.3,0,0,1-.12.25.3.3,0,0,1-.51,0L1.25,2.06V4.89a.33.33,0,0,1-.11.27.35.35,0,0,1-.26.1.36.36,0,0,1-.27-.1A.37.37,0,0,1,.5,4.89Z\" transform=\"translate(-0.5 -0.77)\"><\/path><\/svg>\t\t\t\t\t\t\t<svg xmlns=\"http:\/\/www.w3.org\/2000\/svg\" viewBox=\"0 0 9 9\" style=\"stroke: transparent;\"><path d=\"M.5,1.15A.59.59,0,0,1,.52,1,.23.23,0,0,1,.62.89.19.19,0,0,1,.73.8a.4.4,0,0,1,.15,0H4.63a.36.36,0,0,1,.26.11A.33.33,0,0,1,5,1.15a.33.33,0,0,1-.11.27.35.35,0,0,1-.26.1H1.79l7.59,7.6a.31.31,0,0,1,.12.26.3.3,0,0,1-.12.25.3.3,0,0,1-.51,0L1.25,2.06V4.89a.33.33,0,0,1-.11.27.35.35,0,0,1-.26.1.36.36,0,0,1-.27-.1A.37.37,0,0,1,.5,4.89Z\" transform=\"translate(-0.5 -0.77)\"><\/path><\/svg>\t\t\t\t\t\t<\/a><\/p>\n<h1>\n\t\t\t\t\t<a itemprop=\"url\" href=\"https:\/\/upack.ro\/delivery\/\" target=\"_self\" rel=\"noopener\"><br \/>\nTestimoniale<br \/>\n<\/a><\/h1>\n<p><svg xmlns=\"http:\/\/www.w3.org\/2000\/svg\" xmlns:xlink=\"http:\/\/www.w3.org\/1999\/xlink\" x=\"0px\" y=\"0px\" viewBox=\"0 0 190.5 148\" xml:space=\"preserve\"><g><path d=\"M37.7,146.3L2.1,124.6C19.3,100,28.2,74.1,28.8,46.7V2.3H90v38.8c0,19.3-5,38.8-15.1,58.4C64.9,119,52.5,134.6,37.7,146.3z M133.7,146.3l-35.6-21.7c17.2-24.5,26.2-50.5,26.8-77.9V2.3h61.2v38.8c0,19.3-5,38.8-15.1,58.4C160.9,119,148.5,134.6,133.7,146.3z\"><\/path><\/g><\/svg><\/p>\n<h3 itemprop=\"description\">&#8220;Un serviciu de calitate \u0219i sigur! Coletele au ajuns \u00een timp util!<\/h3>\n<p><img width=\"150\" height=\"150\" src=\"https:\/\/upack.ro\/wp-content\/uploads\/2023\/03\/fav-02-150x150.png\" alt=\"\" decoding=\"async\" loading=\"lazy\"><\/p>\n<h5>Andreea<\/h5>\n<p><svg xmlns=\"http:\/\/www.w3.org\/2000\/svg\" xmlns:xlink=\"http:\/\/www.w3.org\/1999\/xlink\" x=\"0px\" y=\"0px\" viewBox=\"0 0 190.5 148\" xml:space=\"preserve\"><g><path d=\"M37.7,146.3L2.1,124.6C19.3,100,28.2,74.1,28.8,46.7V2.3H90v38.8c0,19.3-5,38.8-15.1,58.4C64.9,119,52.5,134.6,37.7,146.3z M133.7,146.3l-35.6-21.7c17.2-24.5,26.2-50.5,26.8-77.9V2.3h61.2v38.8c0,19.3-5,38.8-15.1,58.4C160.9,119,148.5,134.6,133.7,146.3z\"><\/path><\/g><\/svg><\/p>\n<h3 itemprop=\"description\">&#8220;Pentru mine compania Upack este alegerea perfect\u0103! Sunt mul\u021bumit!&#8221;<\/h3>\n<p><img width=\"150\" height=\"150\" src=\"https:\/\/upack.ro\/wp-content\/uploads\/2023\/03\/fav-02-150x150.png\" alt=\"\" decoding=\"async\" loading=\"lazy\"><\/p>\n<h5>M\u0103d\u0103lin<\/h5>\n<p><svg xmlns=\"http:\/\/www.w3.org\/2000\/svg\" xmlns:xlink=\"http:\/\/www.w3.org\/1999\/xlink\" x=\"0px\" y=\"0px\" viewBox=\"0 0 190.5 148\" xml:space=\"preserve\"><g><path d=\"M37.7,146.3L2.1,124.6C19.3,100,28.2,74.1,28.8,46.7V2.3H90v38.8c0,19.3-5,38.8-15.1,58.4C64.9,119,52.5,134.6,37.7,146.3z M133.7,146.3l-35.6-21.7c17.2-24.5,26.2-50.5,26.8-77.9V2.3h61.2v38.8c0,19.3-5,38.8-15.1,58.4C160.9,119,148.5,134.6,133.7,146.3z\"><\/path><\/g><\/svg><\/p>\n<h3 itemprop=\"description\">&#8220;Un serviciu de \u00eencredere! Sunt super mul\u021bumit de colaborarea cu Upack!<\/h3>\n<p><img width=\"150\" height=\"150\" src=\"https:\/\/upack.ro\/wp-content\/uploads\/2023\/03\/fav-02-150x150.png\" alt=\"\" decoding=\"async\" loading=\"lazy\"><\/p>\n<h5>Tudor<\/h5>\n","protected":false},"excerpt":{"rendered":"<p>UPACK Serviciu de curierat Mai multe Servicii Po\u0219tale servicii de colet\u0103rie Servicii de curierat Upack Servicii 01 Livrare \u00een siguran\u021b\u0103! Pachetul comandat de tine va ajunge \u00eentreg \u0219i la timp, curieri no\u0219tri vor umbla atent \u0219i cu fine\u021be cu fiecare pachet \u00een parte astfel \u00eenc\u00e2t tu te bucuri de obiectul comandat f\u0103r\u0103 nici o nepl\u0103cere. [&hellip;]<\/p>\n","protected":false},"author":1,"featured_media":0,"parent":0,"menu_order":0,"comment_status":"closed","ping_status":"closed","template":"qi-full-width.php","meta":{"content-type":""},"_links":{"self":[{"href":"https:\/\/upack.ro\/index.php\/wp-json\/wp\/v2\/pages\/13"}],"collection":[{"href":"https:\/\/upack.ro\/index.php\/wp-json\/wp\/v2\/pages"}],"about":[{"href":"https:\/\/upack.ro\/index.php\/wp-json\/wp\/v2\/types\/page"}],"author":[{"embeddable":true,"href":"https:\/\/upack.ro\/index.php\/wp-json\/wp\/v2\/users\/1"}],"replies":[{"embeddable":true,"href":"https:\/\/upack.ro\/index.php\/wp-json\/wp\/v2\/comments?post=13"}],"version-history":[{"count":161,"href":"https:\/\/upack.ro\/index.php\/wp-json\/wp\/v2\/pages\/13\/revisions"}],"predecessor-version":[{"id":1989,"href":"https:\/\/upack.ro\/index.php\/wp-json\/wp\/v2\/pages\/13\/revisions\/1989"}],"wp:attachment":[{"href":"https:\/\/upack.ro\/index.php\/wp-json\/wp\/v2\/media?parent=13"}],"curies":[{"name":"wp","href":"https:\/\/api.w.org\/{rel}","templated":true}]}}